{"id":635,"date":"2021-01-04T00:34:57","date_gmt":"2021-01-04T00:34:57","guid":{"rendered":"http:\/\/ina-halmagyi.de\/?page_id=635"},"modified":"2021-11-05T16:13:24","modified_gmt":"2021-11-05T16:13:24","slug":"impressum","status":"publish","type":"page","link":"http:\/\/ina-halmagyi.de\/?page_id=635","title":{"rendered":"Impressum"},"content":{"rendered":"\t\t<div data-elementor-type=\"post\" data-elementor-id=\"635\" class=\"elementor elementor-635\" data-elementor-settings=\"[]\">\n\t\t\t<div class=\"elementor-inner\">\n\t\t\t\t<div class=\"elementor-section-wrap\">\n\t\t\t\t\t\t\t<section class=\"has_eae_slider elementor-element elementor-element-530b9a1 elementor-section-boxed elementor-section-height-default elementor-section-height-default elementor-section elementor-top-section\" data-id=\"530b9a1\" data-element_type=\"section\" data-settings=\"{&quot;background_background&quot;:&quot;classic&quot;}\">\n\t\t\t\t\t\t<div class=\"elementor-container elementor-column-gap-default\">\n\t\t\t\t<div class=\"elementor-row\">\n\t\t\t\t<div class=\"has_eae_slider elementor-element elementor-element-7fbc1d0 elementor-column elementor-col-100 elementor-top-column\" data-id=\"7fbc1d0\" data-element_type=\"column\">\n\t\t\t<div class=\"elementor-column-wrap  elementor-element-populated\">\n\t\t\t\t\t<div class=\"elementor-widget-wrap\">\n\t\t\t\t<div class=\"elementor-element elementor-element-f6c0f5b elementor-widget elementor-widget-menu-anchor\" data-id=\"f6c0f5b\" data-element_type=\"widget\" data-widget_type=\"menu-anchor.default\">\n\t\t\t\t<div class=\"elementor-widget-container\">\n\t\t\t\t\t<div id=\"impressum\" class=\"elementor-menu-anchor\"><\/div>\n\t\t\t\t<\/div>\n\t\t\t\t<\/div>\n\t\t\t\t<div class=\"elementor-element elementor-element-fd0178e elementor-widget elementor-widget-spacer\" data-id=\"fd0178e\" data-element_type=\"widget\" data-widget_type=\"spacer.default\">\n\t\t\t\t<div class=\"elementor-widget-container\">\n\t\t\t\t\t<div class=\"elementor-spacer\">\n\t\t\t<div class=\"elementor-spacer-inner\"><\/div>\n\t\t<\/div>\n\t\t\t\t<\/div>\n\t\t\t\t<\/div>\n\t\t\t\t<div class=\"elementor-element elementor-element-ae01b74 elementor-widget elementor-widget-heading\" data-id=\"ae01b74\" data-element_type=\"widget\" data-widget_type=\"heading.default\">\n\t\t\t\t<div class=\"elementor-widget-container\">\n\t\t\t<h2 class=\"elementor-heading-title elementor-size-default\">Impressum<\/h2>\t\t<\/div>\n\t\t\t\t<\/div>\n\t\t\t\t<div class=\"elementor-element elementor-element-b9b139d elementor-widget elementor-widget-text-editor\" data-id=\"b9b139d\" data-element_type=\"widget\" data-widget_type=\"text-editor.default\">\n\t\t\t\t<div class=\"elementor-widget-container\">\n\t\t\t\t\t<div class=\"elementor-text-editor elementor-clearfix\"><p><span style=\"color: #000000;\">Angaben gem\u00e4\u00df \u00a7 5 TMG<\/span><\/p><p><span style=\"color: #000000;\">Ina Halm\u00e1gyi<\/span><br \/><span style=\"color: #000000;\">V\u00fcrfels 25<\/span><br \/><span style=\"color: #000000;\">51427 Bergisch Gladbach<\/span><\/p><p><span style=\"color: #000000;\">E-Mail: <a style=\"color: #000000;\" href=\"mail&#116;&#111;&#58;&#107;&#111;&#110;&#116;&#x61;&#x6b;&#x74;&#x40;&#x69;&#x6e;&#x61;&#x2d;&#x68;alma&#103;&#121;&#105;&#46;&#100;&#101;\">&#x6b;&#x6f;&#x6e;&#x74;&#x61;&#107;&#116;&#64;&#105;na-&#x68;&#x61;&#x6c;&#x6d;&#x61;&#x67;&#121;&#105;&#46;de<\/a><\/span><\/p><p><span style=\"color: #000000;\">Umsatzsteuer-Identifikationsnummer gem\u00e4\u00df \u00a727 a Umsatzsteuergesetz: <\/span><span style=\"color: #000000;\">204\/5124\/1400<\/span><\/p><p><span style=\"color: #000000;\">Wir sind nicht bereit oder verpflichtet, an Streitbeilegungsverfahren vor einer Verbraucherschlichtungsstelle teilzunehmen.<\/span><\/p><p><span style=\"color: #000000;\"><br \/>Fotografen: Christoph Taterka, Ellen Bornkessel, \u00a9MEYER ORIGINALS, B\u00e4rbel Cardeneo<\/span><span style=\"font-family: Graphik, -apple-system, BlinkMacSystemFont, 'Segoe UI', Helvetica, Arial, sans-serif;\"><br \/><\/span><span style=\"color: #000000; font-family: Graphik, -apple-system, BlinkMacSystemFont, 'Segoe UI', Helvetica, Arial, sans-serif;\">DVD Aufnahmen: Michael Kleiber, Thomas Welz<\/span><\/p><p><span style=\"color: #000000; font-family: Graphik, -apple-system, BlinkMacSystemFont, 'Segoe UI', Helvetica, Arial, sans-serif;\">Webdesign: <\/span><a style=\"font-family: Graphik, -apple-system, BlinkMacSystemFont, 'Segoe UI', Helvetica, Arial, sans-serif;\" href=\"&#x6d;&#97;&#105;&#x6c;&#x74;&#111;&#58;&#x63;&#x68;&#114;&#105;&#x73;&#x74;&#111;&#112;&#x68;&#x6b;&#105;&#108;&#x69;&#x61;&#110;&#64;&#x6d;&#x61;&#103;&#101;&#x6e;&#x74;&#97;&#46;&#x64;&#x65;\" target=\"_blank\" rel=\"noopener\">Christoph Kilian<\/a><span style=\"color: #000000;\"><br \/><\/span><\/p><p>Netzwerk:<br \/><span style=\"color: #000000;\"><a style=\"color: #000000;\" href=\"https:\/\/zav.arbeitsagentur.de\/\" target=\"_blank\" rel=\"noopener\">BA-ZAV-K\u00fcnstlervermittlung-K\u00f6ln<\/a><br \/><\/span><span style=\"color: #000000;\"><a style=\"color: #000000;\" href=\"https:\/\/theaterakademie-koeln.de\/schauspieltraining-kurse\/\" target=\"_blank\" rel=\"noopener\">Theaterakademie K\u00f6ln<\/a><br \/><\/span><span style=\"color: #000000;\"><a style=\"color: #000000;\" href=\"https:\/\/www.comedia-koeln.de\/\" target=\"_blank\" rel=\"noopener\">Comedia Theater<\/a><\/span><br \/><a href=\"https:\/\/www.latibul.de\/\" target=\"_blank\" rel=\"noopener\"><span style=\"color: #000000;\">Latibul &#8211; Theater- &amp; Zirkusp\u00e4dagogisches Zentrum K\u00f6ln<\/span><\/a><\/p><p><span style=\"color: #000000;\"><br \/>Haftung f\u00fcr Inhalte<\/span><\/p><p><span style=\"color: #000000;\">Als Diensteanbieter sind wir gem\u00e4\u00df \u00a7 7 Abs.1 TMG f\u00fcr eigene Inhalte auf diesen Seiten nach den allgemeinen Gesetzen verantwortlich. Nach \u00a7\u00a7 8 bis 10 TMG sind wir als Diensteanbieter jedoch nicht verpflichtet, \u00fcbermittelte oder gespeicherte fremde Informationen zu \u00fcberwachen oder nach Umst\u00e4nden zu forschen, die auf eine rechtswidrige T\u00e4tigkeit hinweisen.<\/span><\/p><p><span style=\"color: #000000;\">Verpflichtungen zur Entfernung oder Sperrung der Nutzung von Informationen nach den allgemeinen Gesetzen bleiben hiervon unber\u00fchrt. Eine diesbez\u00fcgliche Haftung ist jedoch erst ab dem Zeitpunkt der Kenntnis einer konkreten Rechtsverletzung m\u00f6glich. Bei Bekanntwerden von entsprechenden Rechtsverletzungen werden wir diese Inhalte umgehend entfernen.<\/span><\/p><p><span style=\"color: #000000;\">Haftung f\u00fcr Links<\/span><\/p><p><span style=\"color: #000000;\">Unser Angebot enth\u00e4lt Links zu externen Websites Dritter, auf deren Inhalte wir keinen Einfluss haben. Deshalb k\u00f6nnen wir f\u00fcr diese fremden Inhalte auch keine Gew\u00e4hr \u00fcbernehmen. F\u00fcr die Inhalte der verlinkten Seiten ist stets der jeweilige Anbieter oder Betreiber der Seiten verantwortlich. Die verlinkten Seiten wurden zum Zeitpunkt der Verlinkung auf m\u00f6gliche Rechtsverst\u00f6\u00dfe \u00fcberpr\u00fcft. Rechtswidrige Inhalte waren zum Zeitpunkt der Verlinkung nicht erkennbar.<\/span><\/p><p><span style=\"color: #000000;\">Eine permanente inhaltliche Kontrolle der verlinkten Seiten ist jedoch ohne konkrete Anhaltspunkte einer Rechtsverletzung nicht zumutbar. Bei Bekanntwerden von Rechtsverletzungen werden wir derartige Links umgehend entfernen.<\/span><\/p><p><span style=\"color: #000000;\">Urheberrecht<\/span><\/p><p><span style=\"color: #000000;\">Die durch die Seitenbetreiber erstellten Inhalte und Werke auf diesen Seiten unterliegen dem deutschen Urheberrecht. Die Vervielf\u00e4ltigung, Bearbeitung, Verbreitung und jede Art der Verwertung au\u00dferhalb der Grenzen des Urheberrechtes bed\u00fcrfen der schriftlichen Zustimmung des jeweiligen Autors bzw. Erstellers. Downloads und Kopien dieser Seite sind nur f\u00fcr den privaten, nicht kommerziellen Gebrauch gestattet.<\/span><\/p><p><span style=\"color: #000000;\">Soweit die Inhalte auf dieser Seite nicht vom Betreiber erstellt wurden, werden die Urheberrechte Dritter beachtet. Insbesondere werden Inhalte Dritter als solche gekennzeichnet. Sollten Sie trotzdem auf eine Urheberrechtsverletzung aufmerksam werden, bitten wir um einen entsprechenden Hinweis. Bei Bekanntwerden von Rechtsverletzungen werden wir derartige Inhalte umgehend entfernen.<\/span><\/p><p><span style=\"color: #000000;\">Quelle: <a style=\"color: #000000;\" href=\"https:\/\/www.e-recht24.de\">eRecht24<\/a><\/span><\/p><\/div>\n\t\t\t\t<\/div>\n\t\t\t\t<\/div>\n\t\t\t\t\t\t<\/div>\n\t\t\t<\/div>\n\t\t<\/div>\n\t\t\t\t\t\t<\/div>\n\t\t\t<\/div>\n\t\t<\/section>\n\t\t\t\t\t\t<\/div>\n\t\t\t<\/div>\n\t\t<\/div>\n\t\t","protected":false},"excerpt":{"rendered":"<p>Impressum Angaben gem\u00e4\u00df \u00a7 5 TMG Ina Halm\u00e1gyiV\u00fcrfels 2551427 Bergisch Gladbach E-Mail: ko&#110;&#116;&#97;&#x6b;&#x74;&#x40;&#x69;na&#45;&#104;&#97;&#x6c;&#x6d;&#x61;&#x67;yi&#46;&#100;&#101; Umsatzsteuer-Identifikationsnummer gem\u00e4\u00df \u00a727 a Umsatzsteuergesetz: 204\/5124\/1400 Wir sind nicht bereit oder verpflichtet, an Streitbeilegungsverfahren vor einer Verbraucherschlichtungsstelle teilzunehmen. Fotografen: Christoph Taterka, Ellen Bornkessel, \u00a9MEYER ORIGINALS, B\u00e4rbel CardeneoDVD Aufnahmen: Michael Kleiber, Thomas Welz Webdesign: Christoph Kilian Netzwerk:BA-ZAV-K\u00fcnstlervermittlung-K\u00f6lnTheaterakademie K\u00f6lnComedia TheaterLatibul &#8211; Theater- &amp; Zirkusp\u00e4dagogisches&hellip;&nbsp;<a href=\"http:\/\/ina-halmagyi.de\/?page_id=635\" class=\"\" rel=\"bookmark\">Weiterlesen &raquo;<span class=\"screen-reader-text\">Impressum<\/span><\/a><\/p>\n","protected":false},"author":1,"featured_media":0,"parent":153,"menu_order":0,"comment_status":"closed","ping_status":"closed","template":"elementor_header_footer","meta":{"kk_blocks_editor_width":"","_kiokenblocks_attr":"","_kiokenblocks_dimensions":""},"uagb_featured_image_src":{"full":false,"thumbnail":false,"medium":false,"medium_large":false,"large":false,"1536x1536":false,"2048x2048":false,"neve-blog":false},"uagb_author_info":{"display_name":"apfel","author_link":"http:\/\/ina-halmagyi.de\/?author=1"},"uagb_comment_info":0,"uagb_excerpt":"Impressum Angaben gem\u00e4\u00df \u00a7 5 TMG Ina Halm\u00e1gyiV\u00fcrfels 2551427 Bergisch Gladbach E-Mail: &#x6b;&#x6f;&#x6e;&#116;&#97;kt&#x40;&#x69;&#x6e;&#97;&#45;ha&#x6c;&#x6d;&#x61;&#103;&#121;i&#46;&#x64;&#x65; Umsatzsteuer-Identifikationsnummer gem\u00e4\u00df \u00a727 a Umsatzsteuergesetz: 204\/5124\/1400 Wir sind nicht bereit oder verpflichtet, an Streitbeilegungsverfahren vor einer Verbraucherschlichtungsstelle teilzunehmen. Fotografen: Christoph Taterka, Ellen Bornkessel, \u00a9MEYER ORIGINALS, B\u00e4rbel CardeneoDVD Aufnahmen: Michael Kleiber, Thomas Welz Webdesign: Christoph Kilian Netzwerk:BA-ZAV-K\u00fcnstlervermittlung-K\u00f6lnTheaterakademie K\u00f6lnComedia TheaterLatibul &#8211; Theater- &amp; Zirkusp\u00e4dagogisches&hellip;&nbsp;Weiterlesen&hellip;","_links":{"self":[{"href":"http:\/\/ina-halmagyi.de\/index.php?rest_route=\/wp\/v2\/pages\/635"}],"collection":[{"href":"http:\/\/ina-halmagyi.de\/index.php?rest_route=\/wp\/v2\/pages"}],"about":[{"href":"http:\/\/ina-halmagyi.de\/index.php?rest_route=\/wp\/v2\/types\/page"}],"author":[{"embeddable":true,"href":"http:\/\/ina-halmagyi.de\/index.php?rest_route=\/wp\/v2\/users\/1"}],"replies":[{"embeddable":true,"href":"http:\/\/ina-halmagyi.de\/index.php?rest_route=%2Fwp%2Fv2%2Fcomments&post=635"}],"version-history":[{"count":20,"href":"http:\/\/ina-halmagyi.de\/index.php?rest_route=\/wp\/v2\/pages\/635\/revisions"}],"predecessor-version":[{"id":734,"href":"http:\/\/ina-halmagyi.de\/index.php?rest_route=\/wp\/v2\/pages\/635\/revisions\/734"}],"up":[{"embeddable":true,"href":"http:\/\/ina-halmagyi.de\/index.php?rest_route=\/wp\/v2\/pages\/153"}],"wp:attachment":[{"href":"http:\/\/ina-halmagyi.de\/index.php?rest_route=%2Fwp%2Fv2%2Fmedia&parent=635"}],"curies":[{"name":"wp","href":"https:\/\/api.w.org\/{rel}","templated":true}]}}

<div data-elementor-type="post" data-elementor-id="635" class="elementor elementor-635" data-elementor-settings="[]">
			<div class="elementor-inner">
				<div class="elementor-section-wrap">
							<section class="has_eae_slider elementor-element elementor-element-530b9a1 elementor-section-boxed elementor-section-height-default elementor-section-height-default elementor-section elementor-top-section" data-id="530b9a1" data-element_type="section" data-settings="{&quot;background_background&quot;:&quot;classic&quot;}">
						<div class="elementor-container elementor-column-gap-default">
				<div class="elementor-row">
				<div class="has_eae_slider elementor-element elementor-element-7fbc1d0 elementor-column elementor-col-100 elementor-top-column" data-id="7fbc1d0" data-element_type="column">
			<div class="elementor-column-wrap  elementor-element-populated">
					<div class="elementor-widget-wrap">
				<div class="elementor-element elementor-element-f6c0f5b elementor-widget elementor-widget-menu-anchor" data-id="f6c0f5b" data-element_type="widget" data-widget_type="menu-anchor.default">
				<div class="elementor-widget-container">
					<div id="impressum" class="elementor-menu-anchor"></div>
				</div>
				</div>
				<div class="elementor-element elementor-element-fd0178e elementor-widget elementor-widget-spacer" data-id="fd0178e" data-element_type="widget" data-widget_type="spacer.default">
				<div class="elementor-widget-container">
					<div class="elementor-spacer">
			<div class="elementor-spacer-inner"></div>
		</div>
				</div>
				</div>
				<div class="elementor-element elementor-element-ae01b74 elementor-widget elementor-widget-heading" data-id="ae01b74" data-element_type="widget" data-widget_type="heading.default">
				<div class="elementor-widget-container">
			<h2 class="elementor-heading-title elementor-size-default">Impressum</h2>		</div>
				</div>
				<div class="elementor-element elementor-element-b9b139d elementor-widget elementor-widget-text-editor" data-id="b9b139d" data-element_type="widget" data-widget_type="text-editor.default">
				<div class="elementor-widget-container">
					<div class="elementor-text-editor elementor-clearfix"><p><span style="color: #000000;">Angaben gemäß § 5 TMG</span></p><p><span style="color: #000000;">Ina Halmágyi</span><br /><span style="color: #000000;">Vürfels 25</span><br /><span style="color: #000000;">51427 Bergisch Gladbach</span></p><p><span style="color: #000000;">E-Mail: <a style="color: #000000;" href="mail&#116;&#111;&#58;&#107;&#111;&#110;&#116;&#x61;&#x6b;&#x74;&#x40;&#x69;&#x6e;&#x61;&#x2d;&#x68;alma&#103;&#121;&#105;&#46;&#100;&#101;">&#x6b;&#x6f;&#x6e;&#x74;&#x61;&#107;&#116;&#64;&#105;na-&#x68;&#x61;&#x6c;&#x6d;&#x61;&#x67;&#121;&#105;&#46;de</a></span></p><p><span style="color: #000000;">Umsatzsteuer-Identifikationsnummer gemäß §27 a Umsatzsteuergesetz: </span><span style="color: #000000;">204/5124/1400</span></p><p><span style="color: #000000;">Wir sind nicht bereit oder verpflichtet, an Streitbeilegungsverfahren vor einer Verbraucherschlichtungsstelle teilzunehmen.</span></p><p><span style="color: #000000;"><br />Fotografen: Christoph Taterka, Ellen Bornkessel, ©MEYER ORIGINALS, Bärbel Cardeneo</span><span style="font-family: Graphik, -apple-system, BlinkMacSystemFont, 'Segoe UI', Helvetica, Arial, sans-serif;"><br /></span><span style="color: #000000; font-family: Graphik, -apple-system, BlinkMacSystemFont, 'Segoe UI', Helvetica, Arial, sans-serif;">DVD Aufnahmen: Michael Kleiber, Thomas Welz</span></p><p><span style="color: #000000; font-family: Graphik, -apple-system, BlinkMacSystemFont, 'Segoe UI', Helvetica, Arial, sans-serif;">Webdesign: </span><a style="font-family: Graphik, -apple-system, BlinkMacSystemFont, 'Segoe UI', Helvetica, Arial, sans-serif;" href="&#x6d;&#97;&#105;&#x6c;&#x74;&#111;&#58;&#x63;&#x68;&#114;&#105;&#x73;&#x74;&#111;&#112;&#x68;&#x6b;&#105;&#108;&#x69;&#x61;&#110;&#64;&#x6d;&#x61;&#103;&#101;&#x6e;&#x74;&#97;&#46;&#x64;&#x65;" target="_blank" rel="noopener">Christoph Kilian</a><span style="color: #000000;"><br /></span></p><p>Netzwerk:<br /><span style="color: #000000;"><a style="color: #000000;" href="https://zav.arbeitsagentur.de/" target="_blank" rel="noopener">BA-ZAV-Künstlervermittlung-Köln</a><br /></span><span style="color: #000000;"><a style="color: #000000;" href="https://theaterakademie-koeln.de/schauspieltraining-kurse/" target="_blank" rel="noopener">Theaterakademie Köln</a><br /></span><span style="color: #000000;"><a style="color: #000000;" href="https://www.comedia-koeln.de/" target="_blank" rel="noopener">Comedia Theater</a></span><br /><a href="https://www.latibul.de/" target="_blank" rel="noopener"><span style="color: #000000;">Latibul &#8211; Theater- &amp; Zirkuspädagogisches Zentrum Köln</span></a></p><p><span style="color: #000000;"><br />Haftung für Inhalte</span></p><p><span style="color: #000000;">Als Diensteanbieter sind wir gemäß § 7 Abs.1 TMG für eigene Inhalte auf diesen Seiten nach den allgemeinen Gesetzen verantwortlich. Nach §§ 8 bis 10 TMG sind wir als Diensteanbieter jedoch nicht verpflichtet, übermittelte oder gespeicherte fremde Informationen zu überwachen oder nach Umständen zu forschen, die auf eine rechtswidrige Tätigkeit hinweisen.</span></p><p><span style="color: #000000;">Verpflichtungen zur Entfernung oder Sperrung der Nutzung von Informationen nach den allgemeinen Gesetzen bleiben hiervon unberührt. Eine diesbezügliche Haftung ist jedoch erst ab dem Zeitpunkt der Kenntnis einer konkreten Rechtsverletzung möglich. Bei Bekanntwerden von entsprechenden Rechtsverletzungen werden wir diese Inhalte umgehend entfernen.</span></p><p><span style="color: #000000;">Haftung für Links</span></p><p><span style="color: #000000;">Unser Angebot enthält Links zu externen Websites Dritter, auf deren Inhalte wir keinen Einfluss haben. Deshalb können wir für diese fremden Inhalte auch keine Gewähr übernehmen. Für die Inhalte der verlinkten Seiten ist stets der jeweilige Anbieter oder Betreiber der Seiten verantwortlich. Die verlinkten Seiten wurden zum Zeitpunkt der Verlinkung auf mögliche Rechtsverstöße überprüft. Rechtswidrige Inhalte waren zum Zeitpunkt der Verlinkung nicht erkennbar.</span></p><p><span style="color: #000000;">Eine permanente inhaltliche Kontrolle der verlinkten Seiten ist jedoch ohne konkrete Anhaltspunkte einer Rechtsverletzung nicht zumutbar. Bei Bekanntwerden von Rechtsverletzungen werden wir derartige Links umgehend entfernen.</span></p><p><span style="color: #000000;">Urheberrecht</span></p><p><span style="color: #000000;">Die durch die Seitenbetreiber erstellten Inhalte und Werke auf diesen Seiten unterliegen dem deutschen Urheberrecht. Die Vervielfältigung, Bearbeitung, Verbreitung und jede Art der Verwertung außerhalb der Grenzen des Urheberrechtes bedürfen der schriftlichen Zustimmung des jeweiligen Autors bzw. Erstellers. Downloads und Kopien dieser Seite sind nur für den privaten, nicht kommerziellen Gebrauch gestattet.</span></p><p><span style="color: #000000;">Soweit die Inhalte auf dieser Seite nicht vom Betreiber erstellt wurden, werden die Urheberrechte Dritter beachtet. Insbesondere werden Inhalte Dritter als solche gekennzeichnet. Sollten Sie trotzdem auf eine Urheberrechtsverletzung aufmerksam werden, bitten wir um einen entsprechenden Hinweis. Bei Bekanntwerden von Rechtsverletzungen werden wir derartige Inhalte umgehend entfernen.</span></p><p><span style="color: #000000;">Quelle: <a style="color: #000000;" href="https://www.e-recht24.de">eRecht24</a></span></p></div>
				</div>
				</div>
						</div>
			</div>
		</div>
						</div>
			</div>
		</section>
						</div>
			</div>
		</div>

<p>Impressum Angaben gemäß § 5 TMG Ina HalmágyiVürfels 2551427 Bergisch Gladbach E-Mail: ko&#110;&#116;&#97;&#x6b;&#x74;&#x40;&#x69;na&#45;&#104;&#97;&#x6c;&#x6d;&#x61;&#x67;yi&#46;&#100;&#101; Umsatzsteuer-Identifikationsnummer gemäß §27 a Umsatzsteuergesetz: 204/5124/1400 Wir sind nicht bereit oder verpflichtet, an Streitbeilegungsverfahren vor einer Verbraucherschlichtungsstelle teilzunehmen. Fotografen: Christoph Taterka, Ellen Bornkessel, ©MEYER ORIGINALS, Bärbel CardeneoDVD Aufnahmen: Michael Kleiber, Thomas Welz Webdesign: Christoph Kilian Netzwerk:BA-ZAV-Künstlervermittlung-KölnTheaterakademie KölnComedia TheaterLatibul &#8211; Theater- &amp; Zirkuspädagogisches&hellip;&nbsp;<a href="http://ina-halmagyi.de/?page_id=635" class="" rel="bookmark">Weiterlesen &raquo;<span class="screen-reader-text">Impressum</span></a></p>

Impressum Angaben gemäß § 5 TMG Ina HalmágyiVürfels 2551427 Bergisch Gladbach E-Mail: &#x6b;&#x6f;&#x6e;&#116;&#97;kt&#x40;&#x69;&#x6e;&#97;&#45;ha&#x6c;&#x6d;&#x61;&#103;&#121;i&#46;&#x64;&#x65; Umsatzsteuer-Identifikationsnummer gemäß §27 a Umsatzsteuergesetz: 204/5124/1400 Wir sind nicht bereit oder verpflichtet, an Streitbeilegungsverfahren vor einer Verbraucherschlichtungsstelle teilzunehmen. Fotografen: Christoph Taterka, Ellen Bornkessel, ©MEYER ORIGINALS, Bärbel CardeneoDVD Aufnahmen: Michael Kleiber, Thomas Welz Webdesign: Christoph Kilian Netzwerk:BA-ZAV-Künstlervermittlung-KölnTheaterakademie KölnComedia TheaterLatibul &#8211; Theater- &amp; Zirkuspädagogisches&hellip;&nbsp;Weiterlesen&hellip;
